+ 14*z - 17. Let v be x(-7). Calculate the greatest common divisor of 54 and v.
27
Let i(s) = -9*s + 10. Let n be i(-9). Calculate the highest common factor of n and 7.
7
Let a(n) = n**2 + 2*n - 1. Let f be a(-4). Suppose -63 = 3*t - 6*t. Calculate the highest common factor of f and t.
7
Let k = -17 - -5. Let j = 7 + k. Let x be ((-336)/(-15))/((-1)/j). Calculate the greatest common divisor of 14 and x.
14
Suppose -w - f = -23, -2*f + f = -4*w + 67. Calculate the greatest common divisor of 45 and w.
9
Let p(d) = -d**3 - 9*d**2 - 10*d - 2. Let x be p(-8). Calculate the greatest common factor of 21 and x.
7
Suppose -k = 3*k - 12. Suppose k*f - 360 = -f. Let r(s) = s**2 - 6*s - 6. Let u be r(8). What is the highest common factor of u and f?
10
Let p be 3/((-1)/(-16)*6). Suppose -2 = -5*l + 18. Calculate the greatest common factor of l and p.
4
Let g = 122 - 80. Suppose 0*a = 3*a - g. What is the highest common divisor of a and 112?
14
Suppose -2*k - 3 = -4*d - 9, d + 24 = 5*k. Suppose -4*o = -6*o + 90. Calculate the highest common divisor of o and k.
5
Let d(b) = b**3 - 7*b**2 + 7*b + 7. Let a be d(7). Let n be 6 - (-3)/(-6)*-2. Calculate the greatest common divisor of n and a.
7
Let l be 0/(-2) + (9 - -5). Let n be (-1 + l - -3) + 2. Calculate the highest common divisor of 18 and n.
18
Let z be -1*(2 + 0 - 2). Let s = 3 - z. Suppose -3*a = -4*m + 40, -5*m + 30 = -2*m + s*a. Calculate the highest common divisor of 40 and m.
10
Let g(v) = -2*v**2 - 2*v + 12. Let a be g(-6). Let b be a/(-1) + -11 + 8. What is the greatest common divisor of 9 and b?
9
Let u be (-8)/4 + ((-84)/(-1))/3. Calculate the highest common divisor of u and 286.
26
Suppose y + 1 = 5. Suppose u = c, y*c + 5*u + 18 = -0*u. Let f = c - -6. What is the greatest common factor of f and 16?
4
Suppose 3*i = -4*v + 8, -4*i - 5 = -6*i - 3*v. Suppose 0*a + 56 = a - g, 4*a - 216 = -i*g. Calculate the highest common divisor of a and 5.
5
Let l(d) = d**3 - 11*d**2 + 13*d - 6. Let w be l(10). Calculate the greatest common divisor of w and 6.
6
Suppose -2*p = -0*p. Suppose -z + 2*z - 11 = p. What is the highest common factor of z and 88?
11
Let d be (36/(-27))/((-4)/6). Calculate the greatest common factor of 20 and d.
2
Let m = 6 - 2. Calculate the highest common divisor of 1 and m.
1
Let s be ((-93)/(-3))/((-2)/(-4)). Calculate the highest common factor of 155 and s.
31
Let y = 10 - 9. Calculate the greatest common divisor of y and 3.
1
Suppose -4*b - 4*j + 0*j + 404 = 0, 5*b - 2*j = 470. Calculate the highest common divisor of 64 and b.
32
Suppose -48 - 87 = -2*q + 3*h, q - 40 = -4*h. Calculate the greatest common factor of 20 and q.
20
Suppose -g - 2*n + 56 = -0*g, 0 = -3*n - 12. Suppose g + 32 = 4*s. What is the greatest common factor of s and 16?
8
Suppose 3*w + 0*w - 92 = 5*y, -2*w - 4*y + 32 = 0. Let b = w - 11. What is the highest common divisor of b and 52?
13
Let w(u) = 15*u**3 + u**2 - 1. Let t be w(1). Calculate the greatest common factor of 45 and t.
15
Suppose 7 = 4*d - 13. Let p(a) = 2*a**2 - 5*a - 5. Let l be p(d). Let h be (3 + 97)*2/5. Calculate the highest common factor of h and l.
20
Let o(a) = a**2 + 2*a - 72. Let l be o(-10). Calculate the highest common factor of 64 and l.
8
Let j = -2 - -5. Suppose -3*w = 15, 5*g = -0*g + j*w + 95. Let l(n) = n**2 + 2*n. Let k be l(4). What is the greatest common factor of g and k?
8
Let m(k) = k**3 - 13*k**2 + 12*k + 2. Let t be m(12). Let u(g) = 7*g + 1. Let i be u(1). Calculate the highest common factor of i and t.
2
Let j be ((-2)/(-1))/(5/1075). Suppose -5*g = -0*g - j. Let w be g/7 - 10/35. Calculate the greatest common factor of w and 4.
4
Let y(b) = b**2 + 9*b + 2. Let h be y(-9). Let n be (h - -4) + 1*-2. Calculate the highest common divisor of n and 36.
4
Let j = -3 - -4. Let h be j/6 + 647/6. Let i = 1 + 11. What is the highest common divisor of i and h?
12
Let m be 1/(1/3) - -3. Calculate the greatest common divisor of 2 and m.
2
Suppose 37*a - 41*a = -400. Calculate the highest common factor of a and 10.
10
Suppose -5*u + 138 + 222 = 0. Let x(a) = -a**3 + a**2 + 2*a - 6. Let j be x(5). Let r be (3/4)/((-4)/j). What is the highest common divisor of r and u?
18
Let p = 18 + 16. Calculate the greatest common factor of 238 and p.
34
Suppose 2 = z, -5*x - 3*z + 85 = 2*z. Let a = 161 - 131. What is the highest common divisor of a and x?
15
Let r(f) = -f**3 + 2*f**2 + f + 1. Let y be r(2). Suppose m + 4*l = 3*m - 10, -y*m = l - 50. Calculate the highest common factor of 15 and m.
15
Let n(a) = a**3 - 2*a**2 + 2*a. Let f be n(3). Calculate the greatest common factor of 10 and f.
5
Let m(s) = s - 4*s + 2*s - 5 - 3*s. Let j be m(-2). Calculate the highest common factor of 21 and j.
3
Let t(d) = d**3 - d**2 + 2*d + 22. Let k be t(0). What is the greatest common factor of k and 165?
11
Let h = -73 + 93. Let r be (-1 - -2) + 30 + -1. What is the highest common divisor of h and r?
10
Let i be (78/(-18))/(3/(-18)). What is the greatest common factor of 195 and i?
13
Let c = -25 + 38. Let q(g) = 61*g - 5. Let z be q(2). Calculate the highest common divisor of z and c.
13
Suppose -g + 3*t + 82 = -0*t, -5*t = g - 98. Calculate the greatest common divisor of 8 and g.
8
Suppose d = -0*d + 270. Suppose 2*s = -s + d. Suppose 2*k = 5*k - s. Calculate the greatest common divisor of k and 75.
15
Suppose -110 = -86*x + 81*x. What is the highest common factor of 176 and x?
22
Suppose 0 = 4*r - 27 + 63. Let u = 0 - r. What is the highest common factor of 63 and u?
9
Let o be ((-10)/25 - 508/(-70))*7. Calculate the greatest common factor of o and 3.
3
Let c be 1441/10 - (-23)/(-230). What is the highest common divisor of c and 36?
36
Let p be (-3)/(-6)*28*2. What is the highest common divisor of 56 and p?
28
Suppose 3*p - 5*p + 4 = 0. Suppose 0*g = p*g - 28. What is the highest common factor of g and 14?
14
Let o = 13 + -8. Suppose o*v + 3*w - 668 = 0, -w = v + 3*w - 120. Calculate the highest common factor of 17 and v.
17
Suppose -3*a = 2*n - 1, 2*n = 2*a - a - 3. Let f be (n/2)/((-3)/36). Suppose 50 = 5*w - 5*q, w - 8 = -3*w - 4*q. What is the greatest common divisor of w and f?
6
Let o be 2 - -102 - (2 - (2 + 1)). Suppose -a - 5*m + 5 = 0, m + 4 = -m. Calculate the highest common divisor of o and a.
15
Suppose y - 2*y + 119 = 5*t, -3*t - y = -71. What is the greatest common factor of t and 24?
24
Suppose 3*b + 31 = 5*n, b + 3 + 9 = 2*n. Let x = n - -19. Calculate the greatest common factor of x and 36.
12
Let i be 5350/15 + 1/3. Suppose 0 = -3*r + 48 + i. Suppose -3*c = 2*c - r. Calculate the greatest common divisor of c and 18.
9
Let t = 11 + -6. Suppose 0*h - 270 = -t*h. Suppose 5*i - 27 = -3*s + s, -6 = -2*s + 2*i. Calculate the greatest common factor of h and s.
6
Let j(x) = 46*x**2 + 9*x + 6. Let a be j(-6). Let h be a/54 - (-6)/27. Calculate the greatest common factor of 90 and h.
30
Let f(y) = -y + 2. Let w be f(2). Suppose w = 6*x - x - 20. Suppose -x*u + 90 + 50 = 0. Calculate the highest common factor of 7 and u.
7
Let l = -8 + 36. Suppose -l = 2*z - 6*z. Calculate the highest common factor of 77 and z.
7
Let h(a) = a - 1. Let n be h(4). Suppose 6 = -w + n*w. What is the greatest common divisor of 15 and w?
3
Let u be (-1)/(1/(9*-1)). Let p(v) = -v**2 + 12*v + 2. Let b be p(12). Let l be (b - 0 - 2) + 1. What is the highest common divisor of l and u?
1
Let f = -6 + 11. Suppose 2 = -f*j - 23, -11 = s + 3*j. Let c = s - -9. Calculate the highest common factor of c and 52.
13
Let s be (5*1/(-4))/(6/(-24)). Let b(c) = 1 + 3*c + 0 + 4*c - c**2. Let r be b(s). Calculate the highest common divisor of r and 121.
11
Let t be (1 - 3) + (-15)/(-3). Suppose -m - t*m = -28. Let n(y) = 34*y**2 + 1. Let z be n(1). Calculate the greatest common divisor of m and z.
7
Suppose 2*p = -2*x, 6*p = 4*x + 3*p - 14. Suppose 2*j - 5*j + 9 = 0. Let w be (3 - j/3)*1. Calculate the greatest common factor of x and w.
2
Let m be 3 + 1/1 - -32. What is the greatest common factor of 4 and m?
4
Let x(r) = r - 4. Let f be x(6). Suppose -34 = -f*a + 146. Calculate the greatest common factor of a and 18.
18
Suppose -2*x + 138 = -126. Calculate the greatest common divisor of 12 and x.
12
Let r = 15 + -11. Suppose 0*z = r*z - 428. Let p = z - 51. What is the highest comm